 the highest common factor of l and 7?
7
Let q(l) = -l**2 - 11*l - 2. Let f be q(-9). Let m(s) = -13*s - 6 + 3*s**2 - 4*s**2 + 0*s**2. Let x be m(-11). Calculate the greatest common divisor of f and x.
16
Let w(d) = -160*d - 915. Let v be w(-6). Calculate the greatest common divisor of 840 and v.
15
Let o(v) = v**3 - 36*v**2 + 6*v - 72. Let c be o(36). What is the greatest common divisor of 32 and c?
16
Let g = 38 - 29. Calculate the highest common factor of g and 45.
9
Suppose 16 = -380*d + 381*d. Calculate the greatest common factor of d and 48.
16
Let g = -79 - -123. Suppose 2*o - m = 22, -4*o - m + 6*m + g = 0. What is the greatest common divisor of 121 and o?
11
Let k(v) be the first derivative of 5*v**2/2 + 10*v - 3. Let o be k(13). What is the greatest common factor of 15 and o?
15
Let i(f) = 64*f + 147. Let p be i(-2). What is the greatest common factor of 247 and p?
19
Let c = -7 - -10. Let q be ((-14)/c)/((-3)/36). Calculate the highest common divisor of 8 and q.
8
Let x = 205 - 163. What is the greatest common factor of x and 483?
21
Let w(r) = -r**2 - 6*r + 14. Let l be w(-6). Suppose 3*s - 2*s = l. What is the greatest common divisor of 98 and s?
14
Let i = -221 - -297. Calculate the greatest common divisor of i and 304.
76
Let z be ((-591)/(-45) - 6) + 4/(-30). Suppose 4 = 5*o + 9, o = q - 8. What is the highest common factor of z and q?
7
Suppose x + 6*x - 448 = 0. Calculate the highest common divisor of x and 96.
32
Let k(b) = 2*b**3 - 11*b**2 + b + 9. Let o be k(5). Let a = 11 + o. Suppose a = -4*x + 7*x - 189. What is the greatest common divisor of x and 21?
21
Suppose 44 = 2*j - 164. Let x(u) = -u**3 - 11*u**2 - 9*u - 16. Let i be x(-10). Let r be i/(-16)*4*2. Calculate the highest common factor of r and j.
13
Let s = 40 + -26. Let i be (-3 + 51/(-7))*s/(-3). Calculate the highest common factor of 12 and i.
12
Let r be (1*-13)/(-1*1). Let v(p) = 3*p**3 + p**2 + p - 4. Let u be v(4). Suppose 4*y - 6*y = -u. What is the highest common divisor of y and r?
13
Suppose -3*a + 2*u + 92 = -3*u, -4*a + 116 = -5*u. Calculate the highest common factor of 600 and a.
24
Let s(r) = r**3 + 12*r**2 + 3*r - 4. Let o be s(-11). Let c = 17 - 5. What is the greatest common factor of o and c?
12
Suppose 7*i = 2*i - 30. Let m be 86/10 - 11/(165/i). What is the highest common divisor of 3 and m?
3
Suppose -3*k - 4*f + 85 - 25 = 0, 63 = 2*k - 5*f. Calculate the greatest common divisor of 64 and k.
8
Let m be (5 - 2) + -34 + 8. Let a = -9 - m. Calculate the greatest common factor of 126 and a.
14
Suppose 660 = 8*a - 3*a. Suppose 3*m = 1 + 11. Suppose -5*g = -m - 56. Calculate the highest common divisor of g and a.
12
Let o(v) = -2*v + 72. Let a(d) = -3*d + 71. Let z(y) = -3*a(y) + 4*o(y). Let m be z(0). Calculate the greatest common factor of 30 and m.
15
Let o = 2021 - 509. Suppose 28*d - o = 14*d. Calculate the greatest common factor of d and 81.
27
Let f be (-13)/(13/(-2)) + 573. Calculate the highest common divisor of 23 and f.
23
Let l(a) = 2*a**2 - 64*a + 40. Let d be l(32). Calculate the highest common factor of d and 56.
8
Let c = -22 - -49. Suppose -4*f - a + 8 = -3, 0 = -3*a + 9. Suppose -f*u + 6*u - 216 = 0. What is the greatest common divisor of c and u?
27
Suppose -1 = 6*g + 29. Let n be (g + 6)/(1/87) + -3. What is the greatest common divisor of n and 21?
21
Let s(z) be the second derivative of z**4/12 - 5*z**3/6 - 2*z - 18. Let q be s(6). Calculate the greatest common factor of 33 and q.
3
Suppose -q + 33 = 2*q. Let d be (-6)/36 - 26/(-12). Suppose d*a = -5*a + 77. What is the highest common divisor of a and q?
11
Let g(a) = a**3 - 14*a**2 - 17*a + 17. Let p be g(15). Let w(l) = -l**2 - 16*l + 16. Let b be w(p). Calculate the highest common factor of 11 and b.
11
Suppose -2*p = 2, 0 = -w - 5*p + 8 + 5. Calculate the highest common divisor of w and 36.
18
Suppose 4*m = -4*a + 1384, 12*a + 2*m = 8*a + 1382. What is the highest common factor of a and 15?
15
Suppose -628 = -21*y + 16*y - 2*t, -379 = -3*y + t. Let h = -136 + 246. Let r be h/8 - (-3)/12. What is the highest common factor of r and y?
14
Suppose -4*t - 58*u = -60*u - 9658, 5*t = u + 12071. What is the highest common factor of t and 17?
17
Let j = 18 + -14. Suppose 2*z + j = 10. Calculate the greatest common factor of z and 27.
3
Let r(q) = -q**3 - q**2 + q + 17. Let n be r(0). Suppose 2*g - 2*k = 5*g - n, 4*k - 7 = 3*g. Calculate the highest common divisor of 6 and g.
3
Suppose 2*x - 10 + 6 = 0. Let h(i) = -i**3 + i + 4. Let y be h(0). Let u be x/y - (-45)/6. What is the greatest common factor of 64 and u?
8
Let m(s) = s**2 - 6*s - 40. Let r be m(13). What is the greatest common factor of r and 408?
51
Suppose 0 = -h + 68 + 108. What is the greatest common divisor of 16 and h?
16
Suppose -3 = -6*g + 9. Let p = -10 + 13. Suppose p*y = 3*t - 0 - 12, 5*t + y = 44. Calculate the highest common divisor of g and t.
2
Suppose 0 = -4*y - 18 + 42. Let f be 3*((-4)/2 - -3). Let m be f - (0 - -1) - -4. What is the greatest common divisor of m and y?
6
Let r(m) = 3 + 0 + 24*m + m**2 - 18*m - 1. Let l be (-1 - 8) + 0 + 3. Let p be r(l). Calculate the highest common factor of p and 1.
1
Let z = 989 - 961. What is the highest common divisor of 12 and z?
4
Suppose -9*d = -52*d + 3784. Suppose 0 = z - 0*z - 11. What is the highest common divisor of z and d?
11
Let d(a) = -7*a - 31. Let t be d(-6). Calculate the highest common divisor of t and 704.
11
Suppose 0 = 4*o + p + 3*p - 32, 5*p - 4 = o. Suppose -3*r + 120 = -0*r. Let v be (-576)/(-20)*r/o. What is the greatest common factor of v and 24?
24
Suppose 4*u + 3*l - 24 = 180, -3*l - 132 = -3*u. Suppose -7*a + 19*a = 144. What is the highest common factor of u and a?
12
Let o be 5/2*(-8)/(-5). Let m be 278/4 + 2/o. Let w be -7*(2/(-5) + 12/(-20)). Calculate the highest common divisor of w and m.
7
Let h(n) = 19*n - 7. Let g be h(5). Let v be 4*(-7)/1 + -1. Let f be (-6)/9 + (2 - v/3). What is the greatest common divisor of g and f?
11
Let n = 21 - 5. Let p be n - ((-6)/(-3))/2. Let w = p + 75. What is the greatest common divisor of 10 and w?
10
Let j be 8/1*-3*1. Let y be 3 + (-1)/((-2)/j). Let k = 13 + y. What is the greatest common factor of k and 6?
2
Suppose -4*s = -5*s, 2*g - 3*s = 18. What is the highest common divisor of 18 and g?
9
Let c be 15 + -9 + 3 + (-1 - -1). Let y(w) = 2*w**2 - 20*w - 13. Let z be y(11). Calculate the highest common divisor of z and c.
9
Suppose 2*x + 442 = 5*f, -f + 5*f + 3*x = 372. Let m be 107/3 - (-9)/27. Calculate the highest common factor of m and f.
18
Let r(m) = 14*m + 55. Let h be r(-3). What is the greatest common factor of 52 and h?
13
Let q = 43 + -24. Let n = 415 + -282. What is the highest common factor of q and n?
19
Let w = 130 + -306. Let m be 22/w - 49/(-8). Suppose -4*d - 30 + 126 = 0. What is the highest common divisor of d and m?
6
Let o = 2122 - 1477. Calculate the highest common divisor of o and 15.
15
Suppose 0*d = 3*d - 63. What is the highest common factor of d and 504?
21
Let k(i) = 1407*i**2 - 12*i + 8. Let t be k(1). What is the highest common factor of t and 122?
61
Let r be 24*((-6)/4 + 2). Suppose 4*w = -5*u + 62 + 66, 4*w = 8. Suppose -36 = -5*z + u. Calculate the highest common divisor of r and z.
12
Suppose -2*r - 4*h = -28, -2*r = -3*r + 5*h. Calculate the greatest common divisor of 130 and r.
10
Let l = 2271 - 1257. What is the greatest common divisor of 117 and l?
39
Suppose 8*o - 5*a = 3*o + 5205, -5*o = 3*a - 5205. Suppose 33 = -6*l + o. Calculate the greatest common factor of l and 24.
24
Suppose -5*k - 81 = -601. Let r(a) = a**3 - a**2 + 9*a - 15. Let l be r(2). Suppose l*x - 100 = 82. Calculate the highest common divisor of x and k.
26
Let d(c) = -3 + 4*c + 4*c**2 - 2 + 4 + 4. Let n be d(-2). What is the greatest common divisor of 44 and n?
11
Let c = 4 + 2. Let n = 18 - c. Suppose -7 - 1 = -k. What is the greatest common factor of k and n?
4
Suppose 251 - 2351 = -35*a. What is the greatest common factor of a and 930?
30
Suppose 4*y = 5*y - 3. Let l be y*(-5)/(-3)*3. Let n = l - 12. Calculate the greatest common divisor of n and 3.
3
Let f be (6/(-15))/((-1)/90). Let q(k) = k**2 - k + 4. Let b be q(-4). Let g = b - 20. Calculate the greatest common divisor of f an